{"id":68,"date":"2017-09-14T11:30:54","date_gmt":"2017-09-14T11:30:54","guid":{"rendered":"http:\/\/comflue.es\/?page_id=68"},"modified":"2018-04-22T12:44:31","modified_gmt":"2018-04-22T12:44:31","slug":"facilitacion","status":"publish","type":"page","link":"https:\/\/comflue.es\/index.php\/facilitacion\/","title":{"rendered":"Facilitaci\u00f3n"},"content":{"rendered":"<p>&nbsp;<\/p>\n<p><img loading=\"lazy\" class=\"size-medium wp-image-144 alignright\" src=\"http:\/\/comflue.es\/wp-content\/uploads\/2017\/09\/StockSnap_GQ3TV02RS6-300x148.jpg\" alt=\"\" width=\"300\" height=\"148\" srcset=\"https:\/\/comflue.es\/wp-content\/uploads\/2017\/09\/StockSnap_GQ3TV02RS6-300x148.jpg 300w, https:\/\/comflue.es\/wp-content\/uploads\/2017\/09\/StockSnap_GQ3TV02RS6-768x379.jpg 768w, https:\/\/comflue.es\/wp-content\/uploads\/2017\/09\/StockSnap_GQ3TV02RS6-1024x505.jpg 1024w\" sizes=\"(max-width: 300px) 100vw, 300px\" \/><\/p>\n<p style=\"text-align: justify;\">Muchas veces la toma de decisiones en un grupo puede resultar un quebradero de cabeza, las personas podemos sentirnos frustradas y tener la sensaci\u00f3n de que no hemos podido expresarnos como nos gustar\u00eda. Y es que una comunicaci\u00f3n respetuosa y emp\u00e1tica es clave para que un grupo de lo mejor de s\u00ed en situaciones que pueden ser complejas.<\/p>\n<p style=\"text-align: justify;\">A trav\u00e9s de las herramientas y t\u00e9cnicas de la <strong>facilitaci\u00f3n<\/strong>, conseguimos crear un clima de <strong>respeto, participaci\u00f3n y cooperaci\u00f3n<\/strong>, un espacio donde el todo se convierte en algo m\u00e1s de la suma de las partes, poniendo en valor la voz de cada una de las personas que componen ese \u201ctodo\u201d.<\/p>\n<p style=\"text-align: justify;\">La <strong>facilitaci\u00f3n<\/strong> contribuye a asegurar el <strong>equilibrio en las relaciones<\/strong> de las personas que forman el grupo, a prevenir y gestionar los conflictos de forma positiva y, en definitiva, a transformar los procesos grupales para lograr la construcci\u00f3n conjunta de los cambios y objetivos organizacionales.<\/p>\n<p>&nbsp;<\/p>\n<p><img loading=\"lazy\" class=\"wp-image-160 aligncenter\" src=\"http:\/\/comflue.es\/wp-content\/uploads\/2017\/09\/david-clode-347200-e1506101756687-300x66.jpg\" alt=\"\" width=\"800\" height=\"177\" srcset=\"https:\/\/comflue.es\/wp-content\/uploads\/2017\/09\/david-clode-347200-e1506101756687-300x66.jpg 300w, https:\/\/comflue.es\/wp-content\/uploads\/2017\/09\/david-clode-347200-e1506101756687-768x170.jpg 768w, https:\/\/comflue.es\/wp-content\/uploads\/2017\/09\/david-clode-347200-e1506101756687-1024x227.jpg 1024w\" sizes=\"(max-width: 800px) 100vw, 800px\" \/><\/p>\n","protected":false},"excerpt":{"rendered":"<p>&nbsp; Muchas veces la toma de decisiones en un grupo puede resultar un quebradero de cabeza, las personas podemos sentirnos frustradas y tener la sensaci\u00f3n de que no hemos podido expresarnos como nos gustar\u00eda. Y es que una comunicaci\u00f3n respetuosa y emp\u00e1tica es clave para que un grupo de lo mejor de s\u00ed en situaciones [&hellip;]<\/p>\n","protected":false},"author":1,"featured_media":0,"parent":0,"menu_order":0,"comment_status":"closed","ping_status":"closed","template":"page-full.php","meta":[],"_links":{"self":[{"href":"https:\/\/comflue.es\/index.php\/wp-json\/wp\/v2\/pages\/68"}],"collection":[{"href":"https:\/\/comflue.es\/index.php\/wp-json\/wp\/v2\/pages"}],"about":[{"href":"https:\/\/comflue.es\/index.php\/wp-json\/wp\/v2\/types\/page"}],"author":[{"embeddable":true,"href":"https:\/\/comflue.es\/index.php\/wp-json\/wp\/v2\/users\/1"}],"replies":[{"embeddable":true,"href":"https:\/\/comflue.es\/index.php\/wp-json\/wp\/v2\/comments?post=68"}],"version-history":[{"count":11,"href":"https:\/\/comflue.es\/index.php\/wp-json\/wp\/v2\/pages\/68\/revisions"}],"predecessor-version":[{"id":237,"href":"https:\/\/comflue.es\/index.php\/wp-json\/wp\/v2\/pages\/68\/revisions\/237"}],"wp:attachment":[{"href":"https:\/\/comflue.es\/index.php\/wp-json\/wp\/v2\/media?parent=68"}],"curies":[{"name":"wp","href":"https:\/\/api.w.org\/{rel}","templated":true}]}}