{"id":69,"date":"2017-09-14T11:30:54","date_gmt":"2017-09-14T11:30:54","guid":{"rendered":"http:\/\/comflue.es\/?page_id=69"},"modified":"2018-04-22T12:48:27","modified_gmt":"2018-04-22T12:48:27","slug":"orientacion-y-asesoramiento","status":"publish","type":"page","link":"https:\/\/comflue.es\/index.php\/orientacion-y-asesoramiento\/","title":{"rendered":"Orientaci\u00f3n y asesoramiento"},"content":{"rendered":"<p><img loading=\"lazy\" class=\" wp-image-187 alignright\" src=\"http:\/\/comflue.es\/wp-content\/uploads\/2017\/10\/ethan-sykes-222962-300x208.jpg\" alt=\"\" width=\"225\" height=\"156\" srcset=\"https:\/\/comflue.es\/wp-content\/uploads\/2017\/10\/ethan-sykes-222962-300x208.jpg 300w, https:\/\/comflue.es\/wp-content\/uploads\/2017\/10\/ethan-sykes-222962-768x533.jpg 768w, https:\/\/comflue.es\/wp-content\/uploads\/2017\/10\/ethan-sykes-222962-1024x711.jpg 1024w\" sizes=\"(max-width: 225px) 100vw, 225px\" \/><\/p>\n<p style=\"text-align: justify;\">\u00bfTe encuentras en una situaci\u00f3n de conflicto en la que no sabes qu\u00e9 hacer <strong>para que las cosas mejoren<\/strong>?<\/p>\n<p style=\"text-align: justify;\">Podemos trabajar, de forma individual o en grupo, sobre c\u00f3mo abordar esa situaci\u00f3n desde las habilidades mediadoras, y sobre qu\u00e9 cambios hacer para obtener resultados diferentes.<\/p>\n<p>&nbsp;<\/p>\n","protected":false},"excerpt":{"rendered":"<p>\u00bfTe encuentras en una situaci\u00f3n de conflicto en la que no sabes qu\u00e9 hacer para que las cosas mejoren? Podemos trabajar, de forma individual o en grupo, sobre c\u00f3mo abordar esa situaci\u00f3n desde las habilidades mediadoras, y sobre qu\u00e9 cambios hacer para obtener resultados diferentes. &nbsp;<\/p>\n","protected":false},"author":1,"featured_media":0,"parent":0,"menu_order":0,"comment_status":"closed","ping_status":"closed","template":"page-full.php","meta":[],"_links":{"self":[{"href":"https:\/\/comflue.es\/index.php\/wp-json\/wp\/v2\/pages\/69"}],"collection":[{"href":"https:\/\/comflue.es\/index.php\/wp-json\/wp\/v2\/pages"}],"about":[{"href":"https:\/\/comflue.es\/index.php\/wp-json\/wp\/v2\/types\/page"}],"author":[{"embeddable":true,"href":"https:\/\/comflue.es\/index.php\/wp-json\/wp\/v2\/users\/1"}],"replies":[{"embeddable":true,"href":"https:\/\/comflue.es\/index.php\/wp-json\/wp\/v2\/comments?post=69"}],"version-history":[{"count":8,"href":"https:\/\/comflue.es\/index.php\/wp-json\/wp\/v2\/pages\/69\/revisions"}],"predecessor-version":[{"id":240,"href":"https:\/\/comflue.es\/index.php\/wp-json\/wp\/v2\/pages\/69\/revisions\/240"}],"wp:attachment":[{"href":"https:\/\/comflue.es\/index.php\/wp-json\/wp\/v2\/media?parent=69"}],"curies":[{"name":"wp","href":"https:\/\/api.w.org\/{rel}","templated":true}]}}