{"id":93,"date":"2017-09-14T11:49:49","date_gmt":"2017-09-14T11:49:49","guid":{"rendered":"http:\/\/comflue.es\/?page_id=93"},"modified":"2018-04-11T07:51:49","modified_gmt":"2018-04-11T07:51:49","slug":"familias","status":"publish","type":"page","link":"https:\/\/comflue.es\/index.php\/familias\/","title":{"rendered":"Familias"},"content":{"rendered":"<p>&nbsp;<\/p>\n<p>Acciones para la mejora de la comunicaci\u00f3n y las relaciones entre las y los miembros de la familia.<\/p>\n<p>Mediaci\u00f3n en conflictos.<img loading=\"lazy\" class=\"alignnone size-medium wp-image-126 alignright\" src=\"http:\/\/comflue.es\/wp-content\/uploads\/2017\/09\/fAMILIA-300x200.jpg\" alt=\"\" width=\"300\" height=\"200\" srcset=\"https:\/\/comflue.es\/wp-content\/uploads\/2017\/09\/fAMILIA-300x200.jpg 300w, https:\/\/comflue.es\/wp-content\/uploads\/2017\/09\/fAMILIA-768x512.jpg 768w, https:\/\/comflue.es\/wp-content\/uploads\/2017\/09\/fAMILIA-1024x683.jpg 1024w, https:\/\/comflue.es\/wp-content\/uploads\/2017\/09\/fAMILIA-140x94.jpg 140w\" sizes=\"(max-width: 300px) 100vw, 300px\" \/><\/p>\n<p>Acompa\u00f1amiento en procesos de cambio y en la b\u00fasqueda de or\u00edgenes en situaciones de adopci\u00f3n y acogimiento.<\/p>\n<p>Acciones formativas enfocadas al fortalecimiento de competencias personales y sociales.<\/p>\n","protected":false},"excerpt":{"rendered":"<p>&nbsp; Acciones para la mejora de la comunicaci\u00f3n y las relaciones entre las y los miembros de la familia. Mediaci\u00f3n en conflictos. Acompa\u00f1amiento en procesos de cambio y en la b\u00fasqueda de or\u00edgenes en situaciones de adopci\u00f3n y acogimiento. Acciones formativas enfocadas al fortalecimiento de competencias personales y sociales.<\/p>\n","protected":false},"author":1,"featured_media":0,"parent":0,"menu_order":0,"comment_status":"closed","ping_status":"closed","template":"page-full.php","meta":[],"_links":{"self":[{"href":"https:\/\/comflue.es\/index.php\/wp-json\/wp\/v2\/pages\/93"}],"collection":[{"href":"https:\/\/comflue.es\/index.php\/wp-json\/wp\/v2\/pages"}],"about":[{"href":"https:\/\/comflue.es\/index.php\/wp-json\/wp\/v2\/types\/page"}],"author":[{"embeddable":true,"href":"https:\/\/comflue.es\/index.php\/wp-json\/wp\/v2\/users\/1"}],"replies":[{"embeddable":true,"href":"https:\/\/comflue.es\/index.php\/wp-json\/wp\/v2\/comments?post=93"}],"version-history":[{"count":8,"href":"https:\/\/comflue.es\/index.php\/wp-json\/wp\/v2\/pages\/93\/revisions"}],"predecessor-version":[{"id":222,"href":"https:\/\/comflue.es\/index.php\/wp-json\/wp\/v2\/pages\/93\/revisions\/222"}],"wp:attachment":[{"href":"https:\/\/comflue.es\/index.php\/wp-json\/wp\/v2\/media?parent=93"}],"curies":[{"name":"wp","href":"https:\/\/api.w.org\/{rel}","templated":true}]}}